j - f. What is the hundreds digit of g?
1
What is the hundreds digit of 19/(285/4840) + 5/15?
3
Suppose -d - 3*h = -3*d, -2*d - h - 8 = 0. Let f = d - -6. Suppose f*c - v - 60 = 0, 4*c = -0*v + 2*v + 82. What is the tens digit of c?
1
Let v(u) be the first derivative of 3*u**3 + u**2/2 - 2*u - 1. Let p be 9 - (9 - 12/4). What is the tens digit of v(p)?
8
Let k(s) = -5298*s - 2379. What is the thousands digit of k(-16)?
2
Suppose 8*r = -66 + 58. What is the units digit of (128/(-80))/(r/180)?
8
Suppose -19 + 3 = -8*k. Let q(i) = -i + 3. Let w be q(k). What is the units digit of (1 - 1) + (262/w)/2?
1
Let u(s) = -430*s - 4473. What is the tens digit of u(-93)?
1
Let o = 4 - 10. Let j(m) = -9*m - 50. Let l be j(o). Suppose -l = 2*t - 8. What is the units digit of t?
2
Suppose -c = 4*n - 2891, 718*n - 714*n + 2867 = c. What is the hundreds digit of c?
8
Let n = 791 - -5138. What is the thousands digit of n?
5
What is the ten thousands digit of 27 - -89031 - 45/3?
8
Suppose 1780 = w + 508. What is the hundreds digit of w?
2
Suppose 2*m + 3*j - 68 = 78, -4*j + 78 = m. Let w = 149 - m. Suppose 0 = 3*y + p - 299, -4*y - 4*p + 333 = -w. What is the tens digit of y?
9
Let i be -1 - 3/((-9)/24). Let h be (-5 + i)*(-1 + 53). Suppose s + 0*s - 3*w - h = 0, 2*w + 298 = 3*s. What is the units digit of s?
8
Let g(y) = 22*y**2 + 9*y - 32. Let c be (12/4 - 21)*(-1)/3. What is the tens digit of g(c)?
1
Let i(v) = -4*v + 23. Let h(z) = -z**3 - 10*z**2 - 6*z + 11. Suppose 7*q = -2*q - 81. Let u be h(q). What is the units digit of i(u)?
7
Suppose 17937 - 156517 = -13*i. What is the thousands digit of i?
0
Let w be (-5)/10 - (-279)/6. Let r(f) = 79*f - w + 42 + 56*f. What is the tens digit of r(1)?
3
Let w(j) = -103*j + 38. Let f be w(-6). Suppose -2*c - f = -4*d, -2*c + 6*c = 5*d - 820. Let i = d + -44. What is the hundreds digit of i?
1
Let q be 3/(4 + (-305)/80). Let d = 16 - q. Suppose o - 51 - 28 = d. What is the tens digit of o?
7
What is the tens digit of (155/(-3) - -8)/((-6)/1656*2)?
2
Suppose u = 6*u, 0 = z + 2*u - 2. What is the tens digit of (-27)/z*(4 - 6)?
2
Suppose -15*r = -17*r - 12. Let q(c) = -c**3 - 4*c**2 + 9*c + 6. Let s be q(r). What is the tens digit of (-25)/15*s/(-2)?
2
Suppose 0 = 1142*d - 1252*d + 1660010. What is the thousands digit of d?
5
Suppose 91*n - 151*n + 399540 = 0. What is the thousands digit of n?
6
Let a be 2*-1*(-4)/(-8)*-19. Suppose 292 + 11640 = a*g. What is the tens digit of g?
2
Let p = 32 - 28. Suppose 2*j + 2*w - 6 = 0, -p*w - 9 = -4*j - 9*w. What is the tens digit of 597/j + 6/4?
0
Suppose 313752 + 278424 = 184*w - 145*w. What is the hundreds digit of w?
1
Suppose -5744 = 144*j - 152*j. Let p = j - -93. What is the units digit of p?
1
Let m be (-14 - (-321)/9)*-3. Suppose -x - 8 = -108. Let u = m + x. What is the tens digit of u?
3
What is the units digit of -25*(-4 - (-95)/25) + (-81138)/(-2)?
4
Let p = -185 - -196. Let b(f) = f**3 - 6*f**2 - 3*f + 0*f**2 - 4*f**2 - 15. What is the tens digit of b(p)?
7
Let o be 125*((-18)/(-15))/3. Suppose -4*k + 63 = -3*i, -i = -4*k + 3 + o. Suppose 10*u + 102 = k*u. What is the tens digit of u?
5
Let l(a) = 9*a**2 - 2*a - 7. Let g(q) = -q**2 - 8*q - 1. Let y be g(-7). Suppose 7*z = 9*z + y. What is the tens digit of l(z)?
8
Suppose 3*h + 3*n = -0*h + 30, -5 = h + 4*n. Let l = h - 15. Suppose -7*r - 8 + 57 = l. What is the units digit of r?
7
Suppose 12*i - 20080 = -8*i. Suppose g = 3*v - 1030, 5*g - i - 401 = -4*v. What is the tens digit of v?
4
Suppose 0 = 2*q + 155 + 363. Let m = 6 - q. What is the units digit of m?
5
Suppose 5*x + 138140 = 15*x - 0*x. What is the tens digit of x?
1
Let y(i) = -4*i - 24. Let l be y(-7). Suppose 79 = -l*k - 33. Let t = -25 - k. What is the units digit of t?
3
Suppose -4*o + 128 = -240. Let q = o + -86. Suppose -1441 = -17*n + q*n. What is the units digit of n?
1
What is the tens digit of (23 + 624951/(-18))*-2?
9
Let u(z) be the first derivative of 585*z**2/2 - 16*z + 164. What is the hundreds digit of u(1)?
5
Let l = -26 - 14. Let y(h) = 4*h**3 - 3*h**2 + h + 12. Let a be y(4). What is the tens digit of (-24)/l - a/(-10)?
2
Suppose 7*i - 5*d + 1926 = 6*i, 0 = -i - 5*d - 1966. Let f = i + 4001. What is the hundreds digit of f?
0
Let w(g) = 2*g**3 - 18*g**2 - 12*g + 48. Let y be w(10). What is the tens digit of -956*4*(-40)/y?
9
Suppose 974 = -4*c + 2*a - 7908, 4*c + 5*a + 8903 = 0. Let d = -763 - c. What is the hundreds digit of d?
4
Suppose 25*k - 72 = k. Let c(w) = 2*w + 1. Let a be c(7). Suppose k*s + a = 0, -2*j = 4*s - 2*s - 134. What is the units digit of j?
2
Let j = -50 - -56. Suppose 2*x - 411 = -s, -s + j*s + 1020 = 5*x. What is the units digit of x?
5
Suppose 0 = -2*x + 37 - 49. What is the units digit of -3*8/x + 5?
9
Let t(i) = -i**2 - 14*i - 16. Let o be t(-10). Suppose o - 4 = a. Suppose -5*w - 4*d = -492, -d = -2*w + a + 182. What is the tens digit of w?
0
Let m(u) = -99*u**3 - 39*u**2 - 118*u + 7. What is the thousands digit of m(-4)?
6
Let n = -4189 + 7973. What is the hundreds digit of n?
7
Let i(r) = -12*r**2 + 56*r + 252. Let p(k) = 2*k**2 - 11*k - 50. Let b(u) = -2*i(u) - 11*p(u). What is the tens digit of b(-24)?
8
Suppose -2*f - 5 = -9. Suppose f*v + q - 117 = -v, v - 43 = q. What is the tens digit of v?
4
Suppose 16*r = 12*r - 20. Let o(t) = -4*t**3 - 5*t**2 - 14*t - 14. What is the tens digit of o(r)?
3
Let t(l) = 36684*l + 2775. What is the ten thousands digit of t(1)?
3
Let p(b) = -6106*b**3 + 5*b**2 + 3*b - 3. What is the hundreds digit of p(-1)?
1
Let y = 1165 + 1523. Suppose 4*i - 4*l = y, 3*l - 627 = -i + 37. What is the tens digit of i?
7
Let q = -286 + 292. What is the tens digit of ((4/q)/(-1))/((-56)/2436)?
2
Let b(m) = 145*m**2 + 74*m + 87. What is the thousands digit of b(-12)?
0
Suppose -2*k - 4*c + 209 = -1, 0 = -4*k - c + 399. Let n be ((-32)/(-48))/(2/k). Let w = n + 5. What is the units digit of w?
8
Suppose 0 = -n - 3*n + 25820. Suppose -3*p - 4947 = 2*m, 3*m + 970 = -3*p - n. What is the units digit of -2*(-1)/(-3)*m/28?
9
Let t(v) = 541*v**2 - 4*v - 543*v**2 + 4 + 8*v**3 + 0. What is the tens digit of t(4)?
6
Let t be ((-45)/12)/(40/1120). Let x be 1/3 + (-245)/(-3). Let v = x - t. What is the units digit of v?
7
Let p(i) = 36*i**2 - i + 27. What is the units digit of p(-5)?
2
Suppose 2*q - 1 = 2*l + 3, -5*l = -2*q + 4. Suppose c = -f - 74, -3*f + 2*c - 229 = -q*c. Let d = f + 246. What is the hundreds digit of d?
1
Let o(t) = 433*t**2 - 2*t - 73. What is the hundreds digit of o(-6)?
5
Suppose 37*b = 101*b - 45*b - 534831. What is the thousands digit of b?
8
Let t be (-7)/(-8) + (-5)/(-40). Let j(y) = -1354*y + 1327*y - t - 10. What is the tens digit of j(-3)?
7
Let d(z) = 2*z**2 + 19*z - 7. Let w be d(-10). Let j be w/(-9)*(3 + -3). Suppose 4*u + 5*m - 44 = 0, u = -j*u + 4*m + 32. What is the tens digit of u?
1
Let d(t) = -t**3 - 311*t**2 - 2*t + 18463. What is the ten thousands digit of d(0)?
1
Let c(v) = -v**3 - 6*v**2 + 5*v + 5. Let d be c(-7). Let j = -18 - 31. Let x = d - j. What is the tens digit of x?
6
Let n(v) = 10958*v - 4862. What is the ten thousands digit of n(8)?
8
Suppose 0*b + 128 = 2*b. Suppose -15216 = -b*y + 40*y. What is the tens digit of y?
3
Let c(n) = 8*n**2 - 21*n + 11. Let y be c(15). Suppose 2234 = 3*p - i, -2*p + 6*i = 2*i - y. What is the units digit of p?
4
Suppose -4*c - 3*r + 93 = -5, 5*c + r = 128. Suppose -w + 22 + c = 0. Suppose -88 = 2*t - 5*t - a, -t - 5*a + w = 0. What is the units digit of t?
8
Let s(x) = x**3 + 5*x**2 + 2*x + 2. Let g be s(-3). Let u = -330 + 326. What is the units digit of (-14 + u)/((-2)/g)?
6
Let n(b) = -b**3 + b**2 - b + 35. Let y be n(0). Suppose 346*v + 198 = 355*v. Suppose -y - v = -r. What is the tens digit of r?
5
Let v = -29 + 43. Let d be (7/v)/((-2)/(-36)) - -1. What is the units digit of (-1808)/(-40) + 8/d?
6
Let a be 0 + 5 + -2 + -3 + 6. Let s(r) = r**2 + 1. Let j be s(-2). Suppose j*g + 43 = a*g. What is the units digit of g?
3
Let a(p) = 10*p**3 - 3*p**2 + 5*p + 15. Let q be a(-2). What is the hundreds digit of 29/q - (-3266)/6?
5
Suppose 3766 = -2*a + 9*a. Let i = 1140 - a. What is the tens digit of i?
0
Let y(u) = 42 - 84 + 7*u + 38 - u**2. Let o be y(6). Suppose 4*r - 149 = -q, o*q + 18 = r + 352. What is the units digit 